{"id":8488,"date":"2023-04-17T08:23:00","date_gmt":"2023-04-17T07:23:00","guid":{"rendered":"https:\/\/eduvic.dev.madsys.com\/itinere23\/curso\/el-treball-de-la-historia-de-vida-dels-nens-es-i-adolescents-a-traves-de-la-tutoria\/"},"modified":"2024-04-23T09:12:55","modified_gmt":"2024-04-23T08:12:55","slug":"el-treball-de-la-historia-de-vida-dels-nens-es-i-adolescents-a-traves-de-la-tutoria","status":"publish","type":"curso","link":"https:\/\/itinere.eduvic.coop\/es\/curso\/el-treball-de-la-historia-de-vida-dels-nens-es-i-adolescents-a-traves-de-la-tutoria\/","title":{"rendered":"El trabajo de la historia de vida de los ni\u00f1os, ni\u00f1as y adolescentes a trav\u00e9s de la tutor\u00eda"},"featured_media":8191,"template":"","seccion":[],"class_list":["post-8488","curso","type-curso","status-publish","has-post-thumbnail","hentry","infinite-scroll-item"],"acf":[],"yoast_head":"<!-- This site is optimized with the Yoast SEO plugin v27.4 - https:\/\/yoast.com\/product\/yoast-seo-wordpress\/ -->\n<title>El trabajo de la historia de vida de los ni\u00f1os, ni\u00f1as y adolescentes a trav\u00e9s de la tutor\u00eda - EDUVIC \u00b7 Itinere<\/title>\n<meta name=\"robots\" content=\"index, follow, max-snippet:-1, max-image-preview:large, max-video-preview:-1\" \/>\n<link rel=\"canonical\" href=\"https:\/\/itinere.eduvic.coop\/es\/curso\/el-treball-de-la-historia-de-vida-dels-nens-es-i-adolescents-a-traves-de-la-tutoria\/\" \/>\n<meta property=\"og:locale\" content=\"es_ES\" \/>\n<meta property=\"og:type\" content=\"article\" \/>\n<meta property=\"og:title\" content=\"El trabajo de la historia de vida de los ni\u00f1os, ni\u00f1as y adolescentes a trav\u00e9s de la tutor\u00eda - EDUVIC \u00b7 Itinere\" \/>\n<meta property=\"og:url\" content=\"https:\/\/itinere.eduvic.coop\/es\/curso\/el-treball-de-la-historia-de-vida-dels-nens-es-i-adolescents-a-traves-de-la-tutoria\/\" \/>\n<meta property=\"og:site_name\" content=\"EDUVIC \u00b7 Itinere\" \/>\n<meta property=\"article:modified_time\" content=\"2024-04-23T08:12:55+00:00\" \/>\n<meta property=\"og:image\" content=\"https:\/\/itinere.eduvic.coop\/wp-content\/uploads\/2023\/04\/5-tiny.jpg\" \/>\n\t<meta property=\"og:image:width\" content=\"2240\" \/>\n\t<meta property=\"og:image:height\" content=\"1000\" \/>\n\t<meta property=\"og:image:type\" content=\"image\/jpeg\" \/>\n<meta name=\"twitter:card\" content=\"summary_large_image\" \/>\n<script type=\"application\/ld+json\" class=\"yoast-schema-graph\">{\"@context\":\"https:\\\/\\\/schema.org\",\"@graph\":[{\"@type\":\"WebPage\",\"@id\":\"https:\\\/\\\/itinere.eduvic.coop\\\/es\\\/curso\\\/el-treball-de-la-historia-de-vida-dels-nens-es-i-adolescents-a-traves-de-la-tutoria\\\/\",\"url\":\"https:\\\/\\\/itinere.eduvic.coop\\\/es\\\/curso\\\/el-treball-de-la-historia-de-vida-dels-nens-es-i-adolescents-a-traves-de-la-tutoria\\\/\",\"name\":\"El trabajo de la historia de vida de los ni\u00f1os, ni\u00f1as y adolescentes a trav\u00e9s de la tutor\u00eda - EDUVIC \u00b7 Itinere\",\"isPartOf\":{\"@id\":\"https:\\\/\\\/itinere.eduvic.coop\\\/es\\\/#website\"},\"primaryImageOfPage\":{\"@id\":\"https:\\\/\\\/itinere.eduvic.coop\\\/es\\\/curso\\\/el-treball-de-la-historia-de-vida-dels-nens-es-i-adolescents-a-traves-de-la-tutoria\\\/#primaryimage\"},\"image\":{\"@id\":\"https:\\\/\\\/itinere.eduvic.coop\\\/es\\\/curso\\\/el-treball-de-la-historia-de-vida-dels-nens-es-i-adolescents-a-traves-de-la-tutoria\\\/#primaryimage\"},\"thumbnailUrl\":\"https:\\\/\\\/itinere.eduvic.coop\\\/wp-content\\\/uploads\\\/2023\\\/04\\\/5-tiny.jpg\",\"datePublished\":\"2023-04-17T07:23:00+00:00\",\"dateModified\":\"2024-04-23T08:12:55+00:00\",\"breadcrumb\":{\"@id\":\"https:\\\/\\\/itinere.eduvic.coop\\\/es\\\/curso\\\/el-treball-de-la-historia-de-vida-dels-nens-es-i-adolescents-a-traves-de-la-tutoria\\\/#breadcrumb\"},\"inLanguage\":\"es\",\"potentialAction\":[{\"@type\":\"ReadAction\",\"target\":[\"https:\\\/\\\/itinere.eduvic.coop\\\/es\\\/curso\\\/el-treball-de-la-historia-de-vida-dels-nens-es-i-adolescents-a-traves-de-la-tutoria\\\/\"]}]},{\"@type\":\"ImageObject\",\"inLanguage\":\"es\",\"@id\":\"https:\\\/\\\/itinere.eduvic.coop\\\/es\\\/curso\\\/el-treball-de-la-historia-de-vida-dels-nens-es-i-adolescents-a-traves-de-la-tutoria\\\/#primaryimage\",\"url\":\"https:\\\/\\\/itinere.eduvic.coop\\\/wp-content\\\/uploads\\\/2023\\\/04\\\/5-tiny.jpg\",\"contentUrl\":\"https:\\\/\\\/itinere.eduvic.coop\\\/wp-content\\\/uploads\\\/2023\\\/04\\\/5-tiny.jpg\",\"width\":2240,\"height\":1000},{\"@type\":\"BreadcrumbList\",\"@id\":\"https:\\\/\\\/itinere.eduvic.coop\\\/es\\\/curso\\\/el-treball-de-la-historia-de-vida-dels-nens-es-i-adolescents-a-traves-de-la-tutoria\\\/#breadcrumb\",\"itemListElement\":[{\"@type\":\"ListItem\",\"position\":1,\"name\":\"Inici\",\"item\":\"https:\\\/\\\/itinere.eduvic.coop\\\/es\\\/\"},{\"@type\":\"ListItem\",\"position\":2,\"name\":\"Cursos\",\"item\":\"https:\\\/\\\/itinere.eduvic.coop\\\/es\\\/curso\\\/\"},{\"@type\":\"ListItem\",\"position\":3,\"name\":\"El trabajo de la historia de vida de los ni\u00f1os, ni\u00f1as y adolescentes a trav\u00e9s de la tutor\u00eda\"}]},{\"@type\":\"WebSite\",\"@id\":\"https:\\\/\\\/itinere.eduvic.coop\\\/es\\\/#website\",\"url\":\"https:\\\/\\\/itinere.eduvic.coop\\\/es\\\/\",\"name\":\"EDUVIC \u00b7 Itinere\",\"description\":\"\",\"publisher\":{\"@id\":\"https:\\\/\\\/itinere.eduvic.coop\\\/es\\\/#organization\"},\"potentialAction\":[{\"@type\":\"SearchAction\",\"target\":{\"@type\":\"EntryPoint\",\"urlTemplate\":\"https:\\\/\\\/itinere.eduvic.coop\\\/es\\\/?s={search_term_string}\"},\"query-input\":{\"@type\":\"PropertyValueSpecification\",\"valueRequired\":true,\"valueName\":\"search_term_string\"}}],\"inLanguage\":\"es\"},{\"@type\":\"Organization\",\"@id\":\"https:\\\/\\\/itinere.eduvic.coop\\\/es\\\/#organization\",\"name\":\"EDUVIC \u00b7 Itinere\",\"url\":\"https:\\\/\\\/itinere.eduvic.coop\\\/es\\\/\",\"logo\":{\"@type\":\"ImageObject\",\"inLanguage\":\"es\",\"@id\":\"https:\\\/\\\/itinere.eduvic.coop\\\/es\\\/#\\\/schema\\\/logo\\\/image\\\/\",\"url\":\"https:\\\/\\\/itinere.eduvic.coop\\\/wp-content\\\/uploads\\\/2024\\\/04\\\/EDUVIC-ITINERE-2024.png\",\"contentUrl\":\"https:\\\/\\\/itinere.eduvic.coop\\\/wp-content\\\/uploads\\\/2024\\\/04\\\/EDUVIC-ITINERE-2024.png\",\"width\":5486,\"height\":2647,\"caption\":\"EDUVIC \u00b7 Itinere\"},\"image\":{\"@id\":\"https:\\\/\\\/itinere.eduvic.coop\\\/es\\\/#\\\/schema\\\/logo\\\/image\\\/\"},\"sameAs\":[\"https:\\\/\\\/www.instagram.com\\\/eduvic.itinere\\\/\",\"https:\\\/\\\/www.linkedin.com\\\/company\\\/82385485\\\/admin\\\/feed\\\/posts\\\/\"]}]}<\/script>\n<!-- \/ Yoast SEO plugin. -->","yoast_head_json":{"title":"El trabajo de la historia de vida de los ni\u00f1os, ni\u00f1as y adolescentes a trav\u00e9s de la tutor\u00eda - EDUVIC \u00b7 Itinere","robots":{"index":"index","follow":"follow","max-snippet":"max-snippet:-1","max-image-preview":"max-image-preview:large","max-video-preview":"max-video-preview:-1"},"canonical":"https:\/\/itinere.eduvic.coop\/es\/curso\/el-treball-de-la-historia-de-vida-dels-nens-es-i-adolescents-a-traves-de-la-tutoria\/","og_locale":"es_ES","og_type":"article","og_title":"El trabajo de la historia de vida de los ni\u00f1os, ni\u00f1as y adolescentes a trav\u00e9s de la tutor\u00eda - EDUVIC \u00b7 Itinere","og_url":"https:\/\/itinere.eduvic.coop\/es\/curso\/el-treball-de-la-historia-de-vida-dels-nens-es-i-adolescents-a-traves-de-la-tutoria\/","og_site_name":"EDUVIC \u00b7 Itinere","article_modified_time":"2024-04-23T08:12:55+00:00","og_image":[{"width":2240,"height":1000,"url":"https:\/\/itinere.eduvic.coop\/wp-content\/uploads\/2023\/04\/5-tiny.jpg","type":"image\/jpeg"}],"twitter_card":"summary_large_image","schema":{"@context":"https:\/\/schema.org","@graph":[{"@type":"WebPage","@id":"https:\/\/itinere.eduvic.coop\/es\/curso\/el-treball-de-la-historia-de-vida-dels-nens-es-i-adolescents-a-traves-de-la-tutoria\/","url":"https:\/\/itinere.eduvic.coop\/es\/curso\/el-treball-de-la-historia-de-vida-dels-nens-es-i-adolescents-a-traves-de-la-tutoria\/","name":"El trabajo de la historia de vida de los ni\u00f1os, ni\u00f1as y adolescentes a trav\u00e9s de la tutor\u00eda - EDUVIC \u00b7 Itinere","isPartOf":{"@id":"https:\/\/itinere.eduvic.coop\/es\/#website"},"primaryImageOfPage":{"@id":"https:\/\/itinere.eduvic.coop\/es\/curso\/el-treball-de-la-historia-de-vida-dels-nens-es-i-adolescents-a-traves-de-la-tutoria\/#primaryimage"},"image":{"@id":"https:\/\/itinere.eduvic.coop\/es\/curso\/el-treball-de-la-historia-de-vida-dels-nens-es-i-adolescents-a-traves-de-la-tutoria\/#primaryimage"},"thumbnailUrl":"https:\/\/itinere.eduvic.coop\/wp-content\/uploads\/2023\/04\/5-tiny.jpg","datePublished":"2023-04-17T07:23:00+00:00","dateModified":"2024-04-23T08:12:55+00:00","breadcrumb":{"@id":"https:\/\/itinere.eduvic.coop\/es\/curso\/el-treball-de-la-historia-de-vida-dels-nens-es-i-adolescents-a-traves-de-la-tutoria\/#breadcrumb"},"inLanguage":"es","potentialAction":[{"@type":"ReadAction","target":["https:\/\/itinere.eduvic.coop\/es\/curso\/el-treball-de-la-historia-de-vida-dels-nens-es-i-adolescents-a-traves-de-la-tutoria\/"]}]},{"@type":"ImageObject","inLanguage":"es","@id":"https:\/\/itinere.eduvic.coop\/es\/curso\/el-treball-de-la-historia-de-vida-dels-nens-es-i-adolescents-a-traves-de-la-tutoria\/#primaryimage","url":"https:\/\/itinere.eduvic.coop\/wp-content\/uploads\/2023\/04\/5-tiny.jpg","contentUrl":"https:\/\/itinere.eduvic.coop\/wp-content\/uploads\/2023\/04\/5-tiny.jpg","width":2240,"height":1000},{"@type":"BreadcrumbList","@id":"https:\/\/itinere.eduvic.coop\/es\/curso\/el-treball-de-la-historia-de-vida-dels-nens-es-i-adolescents-a-traves-de-la-tutoria\/#breadcrumb","itemListElement":[{"@type":"ListItem","position":1,"name":"Inici","item":"https:\/\/itinere.eduvic.coop\/es\/"},{"@type":"ListItem","position":2,"name":"Cursos","item":"https:\/\/itinere.eduvic.coop\/es\/curso\/"},{"@type":"ListItem","position":3,"name":"El trabajo de la historia de vida de los ni\u00f1os, ni\u00f1as y adolescentes a trav\u00e9s de la tutor\u00eda"}]},{"@type":"WebSite","@id":"https:\/\/itinere.eduvic.coop\/es\/#website","url":"https:\/\/itinere.eduvic.coop\/es\/","name":"EDUVIC \u00b7 Itinere","description":"","publisher":{"@id":"https:\/\/itinere.eduvic.coop\/es\/#organization"},"potentialAction":[{"@type":"SearchAction","target":{"@type":"EntryPoint","urlTemplate":"https:\/\/itinere.eduvic.coop\/es\/?s={search_term_string}"},"query-input":{"@type":"PropertyValueSpecification","valueRequired":true,"valueName":"search_term_string"}}],"inLanguage":"es"},{"@type":"Organization","@id":"https:\/\/itinere.eduvic.coop\/es\/#organization","name":"EDUVIC \u00b7 Itinere","url":"https:\/\/itinere.eduvic.coop\/es\/","logo":{"@type":"ImageObject","inLanguage":"es","@id":"https:\/\/itinere.eduvic.coop\/es\/#\/schema\/logo\/image\/","url":"https:\/\/itinere.eduvic.coop\/wp-content\/uploads\/2024\/04\/EDUVIC-ITINERE-2024.png","contentUrl":"https:\/\/itinere.eduvic.coop\/wp-content\/uploads\/2024\/04\/EDUVIC-ITINERE-2024.png","width":5486,"height":2647,"caption":"EDUVIC \u00b7 Itinere"},"image":{"@id":"https:\/\/itinere.eduvic.coop\/es\/#\/schema\/logo\/image\/"},"sameAs":["https:\/\/www.instagram.com\/eduvic.itinere\/","https:\/\/www.linkedin.com\/company\/82385485\/admin\/feed\/posts\/"]}]}},"_links":{"self":[{"href":"https:\/\/itinere.eduvic.coop\/es\/wp-json\/wp\/v2\/curso\/8488","targetHints":{"allow":["GET"]}}],"collection":[{"href":"https:\/\/itinere.eduvic.coop\/es\/wp-json\/wp\/v2\/curso"}],"about":[{"href":"https:\/\/itinere.eduvic.coop\/es\/wp-json\/wp\/v2\/types\/curso"}],"wp:featuredmedia":[{"embeddable":true,"href":"https:\/\/itinere.eduvic.coop\/es\/wp-json\/wp\/v2\/media\/8191"}],"wp:attachment":[{"href":"https:\/\/itinere.eduvic.coop\/es\/wp-json\/wp\/v2\/media?parent=8488"}],"wp:term":[{"taxonomy":"seccion","embeddable":true,"href":"https:\/\/itinere.eduvic.coop\/es\/wp-json\/wp\/v2\/seccion?post=8488"}],"curies":[{"name":"wp","href":"https:\/\/api.w.org\/{rel}","templated":true}]}}

El trabajo de la historia de vida de los niños, niñas y adolescentes a través de la tutoría

<!-- This site is optimized with the Yoast SEO plugin v27.4 - https://yoast.com/product/yoast-seo-wordpress/ -->
<title>El trabajo de la historia de vida de los niños, niñas y adolescentes a través de la tutoría - EDUVIC · Itinere</title>
<meta name="robots" content="index, follow, max-snippet:-1, max-image-preview:large, max-video-preview:-1" />
<link rel="canonical" href="https://itinere.eduvic.coop/es/curso/el-treball-de-la-historia-de-vida-dels-nens-es-i-adolescents-a-traves-de-la-tutoria/" />
<meta property="og:locale" content="es_ES" />
<meta property="og:type" content="article" />
<meta property="og:title" content="El trabajo de la historia de vida de los niños, niñas y adolescentes a través de la tutoría - EDUVIC · Itinere" />
<meta property="og:url" content="https://itinere.eduvic.coop/es/curso/el-treball-de-la-historia-de-vida-dels-nens-es-i-adolescents-a-traves-de-la-tutoria/" />
<meta property="og:site_name" content="EDUVIC · Itinere" />
<meta property="article:modified_time" content="2024-04-23T08:12:55+00:00" />
<meta property="og:image" content="https://itinere.eduvic.coop/wp-content/uploads/2023/04/5-tiny.jpg" />
	<meta property="og:image:width" content="2240" />
	<meta property="og:image:height" content="1000" />
	<meta property="og:image:type" content="image/jpeg" />
<meta name="twitter:card" content="summary_large_image" />
<script type="application/ld+json" class="yoast-schema-graph">{"@context":"https:\/\/schema.org","@graph":[{"@type":"WebPage","@id":"https:\/\/itinere.eduvic.coop\/es\/curso\/el-treball-de-la-historia-de-vida-dels-nens-es-i-adolescents-a-traves-de-la-tutoria\/","url":"https:\/\/itinere.eduvic.coop\/es\/curso\/el-treball-de-la-historia-de-vida-dels-nens-es-i-adolescents-a-traves-de-la-tutoria\/","name":"El trabajo de la historia de vida de los niños, niñas y adolescentes a través de la tutoría - EDUVIC · Itinere","isPartOf":{"@id":"https:\/\/itinere.eduvic.coop\/es\/#website"},"primaryImageOfPage":{"@id":"https:\/\/itinere.eduvic.coop\/es\/curso\/el-treball-de-la-historia-de-vida-dels-nens-es-i-adolescents-a-traves-de-la-tutoria\/#primaryimage"},"image":{"@id":"https:\/\/itinere.eduvic.coop\/es\/curso\/el-treball-de-la-historia-de-vida-dels-nens-es-i-adolescents-a-traves-de-la-tutoria\/#primaryimage"},"thumbnailUrl":"https:\/\/itinere.eduvic.coop\/wp-content\/uploads\/2023\/04\/5-tiny.jpg","datePublished":"2023-04-17T07:23:00+00:00","dateModified":"2024-04-23T08:12:55+00:00","breadcrumb":{"@id":"https:\/\/itinere.eduvic.coop\/es\/curso\/el-treball-de-la-historia-de-vida-dels-nens-es-i-adolescents-a-traves-de-la-tutoria\/#breadcrumb"},"inLanguage":"es","potentialAction":[{"@type":"ReadAction","target":["https:\/\/itinere.eduvic.coop\/es\/curso\/el-treball-de-la-historia-de-vida-dels-nens-es-i-adolescents-a-traves-de-la-tutoria\/"]}]},{"@type":"ImageObject","inLanguage":"es","@id":"https:\/\/itinere.eduvic.coop\/es\/curso\/el-treball-de-la-historia-de-vida-dels-nens-es-i-adolescents-a-traves-de-la-tutoria\/#primaryimage","url":"https:\/\/itinere.eduvic.coop\/wp-content\/uploads\/2023\/04\/5-tiny.jpg","contentUrl":"https:\/\/itinere.eduvic.coop\/wp-content\/uploads\/2023\/04\/5-tiny.jpg","width":2240,"height":1000},{"@type":"BreadcrumbList","@id":"https:\/\/itinere.eduvic.coop\/es\/curso\/el-treball-de-la-historia-de-vida-dels-nens-es-i-adolescents-a-traves-de-la-tutoria\/#breadcrumb","itemListElement":[{"@type":"ListItem","position":1,"name":"Inici","item":"https:\/\/itinere.eduvic.coop\/es\/"},{"@type":"ListItem","position":2,"name":"Cursos","item":"https:\/\/itinere.eduvic.coop\/es\/curso\/"},{"@type":"ListItem","position":3,"name":"El trabajo de la historia de vida de los niños, niñas y adolescentes a través de la tutoría"}]},{"@type":"WebSite","@id":"https:\/\/itinere.eduvic.coop\/es\/#website","url":"https:\/\/itinere.eduvic.coop\/es\/","name":"EDUVIC · Itinere","description":"","publisher":{"@id":"https:\/\/itinere.eduvic.coop\/es\/#organization"},"potentialAction":[{"@type":"SearchAction","target":{"@type":"EntryPoint","urlTemplate":"https:\/\/itinere.eduvic.coop\/es\/?s={search_term_string}"},"query-input":{"@type":"PropertyValueSpecification","valueRequired":true,"valueName":"search_term_string"}}],"inLanguage":"es"},{"@type":"Organization","@id":"https:\/\/itinere.eduvic.coop\/es\/#organization","name":"EDUVIC · Itinere","url":"https:\/\/itinere.eduvic.coop\/es\/","logo":{"@type":"ImageObject","inLanguage":"es","@id":"https:\/\/itinere.eduvic.coop\/es\/#\/schema\/logo\/image\/","url":"https:\/\/itinere.eduvic.coop\/wp-content\/uploads\/2024\/04\/EDUVIC-ITINERE-2024.png","contentUrl":"https:\/\/itinere.eduvic.coop\/wp-content\/uploads\/2024\/04\/EDUVIC-ITINERE-2024.png","width":5486,"height":2647,"caption":"EDUVIC · Itinere"},"image":{"@id":"https:\/\/itinere.eduvic.coop\/es\/#\/schema\/logo\/image\/"},"sameAs":["https:\/\/www.instagram.com\/eduvic.itinere\/","https:\/\/www.linkedin.com\/company\/82385485\/admin\/feed\/posts\/"]}]}</script>
<!-- / Yoast SEO plugin. -->

El trabajo de la historia de vida de los niños, niñas y adolescentes a través de la tutoría - EDUVIC · Itinere
